+ 21 + -32 + (2 - 14)?
-23
Calculate (-15 - 47) + 27 + -3 + 13 + -21.
-46
Calculate 3 - (53 + (-13 - ((3 - -1) + -16))).
-49
What is -45 + 31 + (-22 - -56)?
20
Calculate 167 + -147 - ((-9 - -6) + 62).
-39
Evaluate 3 + (-23 - ((-11 - -26) + -40) - (72 - -1)).
-68
What is -9 + 40 + -3 + -41?
-13
What is 276 + -253 - (41 - -4)?
-22
Calculate -11 + (48 - (21 - 4)) + (-1 - (3 - 2)).
18
Evaluate 0 + -48 - -85 - (5 + -36).
68
What is the value of -2 + -42 - (-2 + 9 - (-7 + 0) - 8)?
-50
0 - 1 - 5 - (23049 - 23009)
-46
Evaluate -28 + -41 + 55 + -5.
-19
What is the value of -44 + 51 + -42 + 0 + (-6 - 20 - -6)?
-55
What is the value of -2718 + 2775 - (47 + -1)?
11
What is the value of 105 + -118 + (9 + -3 - 4) + 18?
7
Calculate 13 + -23 + (64 - -2) + (-5 - (-7 - -2)).
56
25 - (20 + 3 - (88 + -29))
61
Calculate 3 + 3 + -7 - (4 + 6 - 1).
-10
Evaluate 11 - (9 + (8 - (19 + -11 - 52)) + -7).
-43
What is the value of 76 + -1 + (28 - (31 + -7))?
79
(16 - 18) + (36 - 0) - (-16 - (-30 - -4))
24
What is the value of 19 + 18 + -921 + 854?
-30
Evaluate -9 + 1 + (27 - 2 - 7).
10
-3 - 3 - 3 - (3 - ((1 - -1) + 10))
0
What is the value of 68 - ((-939 - -942) + -16 + -2 + 2 + 3)?
78
What is the value of -2 - (44 - -14 - 10) - (18 - 13)?
-55
Evaluate (-1 - 8) + (51 - (-30 - -25)).
47
Evaluate 2 + (-21 - (17 - 11)) + 14.
-11
Evaluate 1 + -11 - (26 + 29 - 79).
14
What is (1 - 17) + (89 - 117 - -18)?
-26
What is 166 + (69 - -11) + -179?
67
What is the value of -34 + -84 + 50 + (-20 - -4) + (7 - -2)?
-75
Evaluate -17 + -10 + 31 - (21 - (-1 - -1)).
-17
Evaluate 107 - (-85 + 36) - 80.
76
What is the value of -15 + 3 + (6 - 5 - -6) - 17?
-22
What is (-88 - -35) + 65 - 26?
-14
What is (1 - (9 - 29)) + -2 + 71 + 56?
146
Evaluate -49 - (-2 + 23 - (-321 - -320)).
-71
What is -189 + 116 + 6 - -29?
-38
Evaluate -59 - (14 - (18 + 22 + -16) - (4 - 28)).
-73
Calculate (2170 - 2179) + (-2 - -14 - -2) + -40 + 0.
-35
Calculate (6 - (-4 + 2)) + -30 + -71 + 84.
-9
Calculate -394 - (-521 - -138) - (0 - 1 - -111).
-121
Calculate -15 + 11 - (-44 + (-9 - -12)) - -24.
61
What is the value of -3 + -6 + 20 - (3 + -14 + 12)?
10
What is the value of 28 + -7 - 70 - -8?
-41
What is the value of 9 + 40 + -47 - -5?
7
45 - (-4 + 44) - (2 + 15 - (3 + -6))
-15
(-53 + 0 + (-3 - -8) - (-17 + 8)) + 4
-35
Evaluate 2 + (-10 - (-59 - (-10 + (-2 - -4)))).
43
What is -7 + -27 + 337 + -322?
-19
What is the value of 17 + -25 + (1 - 7) + -148 + 50?
-112
Calculate (-2 - (14 - 12 - -9)) + 58 + 1.
46
What is 103 + -159 + -82 + 174?
36
What is -1 + -3 - (158 + -125 + (-3 - 1))?
-33
What is the value of -2 + 5 + (-6 - 2) - (1 - (-67 + -2))?
-75
Calculate -42 + 55 + (-19 + 8 - -3) + 21.
26
Calculate -29 - 68 - -131 - -52.
86
Evaluate -9 + (46 - 17 - -23).
43
Evaluate -32 + (17 - (-12 + 10)) + -10.
-23
13 - (18 + -10) - -8 - 23
-10
What is the value of (-22 - -34) + (-4 - (1 + -11) - 45)?
-27
Evaluate -6 - (-37 + -22 - (0 + 0)).
53
Evaluate -2 + -4 + -22 + (70 - -23).
65
What is 28 + -64 + 51 - 9?
6
What is -44 + (82 - (75 - -39))?
-76
What is (2 - -50) + (-56 - 42)?
-46
What is the value of 57 - (51 - -4) - 24?
-22
(208 - 164) + -45 + -13
-14
What is the value of -18 + 29 - (-4 + -6 + 1 + 1 + 87)?
-68
Calculate 137 - (-6 + 149) - (-1 + 72 - 3).
-74
What is (13 - ((-2 - -22) + -1 - (1 - -7))) + 40?
42
Calculate -37 - (8 + -10) - (2 + 4 + -2).
-39
Calculate (-12 - (-73 - -157)) + 121.
25
-80 - (-227 - (61 + -174))
34
What is the value of 0 - ((7 - -9) + 20) - 11?
-47
-213 + 263 - (3 + (-2 - (-5 - -6)))
50
Evaluate -2 + -2 + 45 + -12 + (-4 - -16).
41
What is the value of 14 + (-3 - -5 - (22 + -46))?
40
Calculate 25 + -3 + 7 + (22 - 26).
25
-4 + 7 + 10 + (-58 - -4 - 2)
-43
Evaluate (-73 - -237) + (-48 - -29) + -25.
120
81 + (-20 - -30) + 12 + -35 + 0 + -1
67
What is the value of 0 + -1 + -1 + -45 - (56 + (97 - 149))?
-51
-91 + 94 - 81 - (-23 - -2)
-57
Calculate 172 + -185 + (3 - (23 - (-2 - -3))).
-32
Evaluate 47 + -46 + -7 + 3.
-3
What is (-19 + 9 - -34) + -21 + 4 + -7 + -20?
-20
What is the value of (119 - 3) + -107 + (-1 - 0) + 1?
9
What is the value of (0 - -6) + (7 - -16 - (3 - -29)) - 17?
-20
Calculate -62 + 6 + 46 + 12 + (0 - -1).
3
Calculate -32 + (40 + -23 - -114) - 20.
79
What is 6 + -27 + -148 + 70 + 49?
-50
69 + -78 + 14 + -1 + -12
-8
What is the value of -3 + 16 + 10 + -46 + -6 - 4?
-33
What is 62 - (-22 + 91) - (-27 - -2) - -49?
67
What is the value of 20 + 1 + 56 + (-61 - -54) + -168?
-98
Evaluate -25 + 40 - ((-12 - -3) + 6 - (126 + -4)).
140
Calculate -16 + -553 + 553 + -20 + -1.
-37
What is -83 - ((-3 + 1 - 12) + 549 + -549)?
-69
23 + 4 - 23 - (4 + 43 + -1)
-42
What is the value of 0 - 1 - (10 + 1 + (243 - 241) - -120)?
-134
Calculate 472 - 466 - (-14 + 3).
17
Calculate (-124 + 85 - (-47 + -10)) + 30.
48
Calculate (-8 - (3 - -2 - 0)) + 13 + -39.
-39
Calculate 15 - (31 - 0 - (-22 + 59 + -24)).
-3
Calculate (2 - (-15 - (-3 - -2))) + -14 + (16 - 0).
18
What is (0 - 1) + -38 - (-254 + 260 - (18 + 1))?
-26
Calculate -3 - (-3 - (1 + -5)) - (57 + -27 + -7).
-27
What is -17 - (-10 - (23 - 17)) - (-37 - -14)?
22
Evaluate 59 - (-30 - (-2 + -50)).
37
What is -3 + 34 - (231 + -194)?
-6
Calculate 26 + (13 - (-19 - -55)).
3
(56 - -1 - (-18 + 36)) + 2 + 4 + -8
37
What is 391 - 402 - (-30 + (4 - -4))?
11
(8 + 3 - 12 - -8) + (-11 - -3 - -40)
39
What is the value of -18 + (-5 - -14) - (2 + -6 - -32)?
-37
What is the value of 63 - (-29 + 10 + -13) - 11?
84
What is -37 + 245 + -88 + -79?
41
4 + (-23 - -6 - -22) + (88 - (0 + -2))
99
Calculate 9 + (7 - -1 - (9 - (18 + -21))) + -3.
2
What is the value of 1 + -17 + -4 + 4 - (25 - (-12 - -24))?
-29
What is (9 - 65) + (0 - 38) + 35?
-59
Evaluate 7 + -48 + (0 - ((-4 - -1) + 70 + -62)).
-46
Evaluate (5 - (-11 + 16) - 3) + (-18 - 37).
-58
Evaluate 1 + 86 + (-128 - -153 - (1 - -37)).
74
Evaluate 14 - 2 - (2 + 12 + -9 + 3 + 74).
-70
Evaluate 61 + 48 + -76 - (15 + -1 + -2).
21
Calculate -167 + (-7 - -132) + -36.
-78
Evaluate 8 + (-5 + 20 + -21 - (-5 + -24)) + -12.
19
Evaluate 60 - ((-16 + 31 - 20) + (-7 + 10 - -9)).
53
-2 + -99 + 56 + (-47 - -10) + -14
-96
What is the value of -27 + -2 + -11 + -2 + 6 + 112 + -97?
-21
Calculate (-522 - -455 - (11 - (0 - -2))) + (6 - -3).
-67
-973 + 994 + (1 - 3) + -21
-2
Evaluate -7 - 19 - 34 - (-2 - 0 - 0).
-58
Calculate -1 - (7 + -1 + 0) - (3930 + -3934).
-3
What is the value of (2 + -11 - (-320 + 320)) + -40?
-49
What is -418 + 463 - (0 - -3 - 4 - 10) - 9?
47
Calculate 105 + -75 + 4 + 16.
50
Evaluate 60 + 4 + (2 - 44) - (1 - (-10 + 1)).
12
What is the value of (-25 - 0 - (1188 + -1200)) + 71?
58
Calculate 34 + -42 - -98 - (1 + 8).
81
Calculate -1 + 17 - (122 + -107) - (-6 - 15).
22
58 - (-10 + (2 - 12) - -15)
63
171 + 87 + -275 - (-2 - (2 + 107))
94
What is the value of (36 - (8 - (4 + -1 + -12) - 11)) + 11?
41
Evaluate -235 + 336 + -1 + -47.
53
What is 38 + 5 + -2 - ((-9 + 2 - -9) + -3)?
42
What is -31 + -8 + 56 + (-139 - -37)?
-85
Evaluate (1 - -2) + (5 + 68 - -6) + 7.
89
121 + -135 + 74 + (-10 - -20)
70
What is the value of 34 + (-3 - -2) + 5 - (-149 + 159)?
28
(38 - (-85 + 3)) + -88
32
What is the value of 16 - (3 - ((7 - 7 - 4) + (10 - 2)))?
17
Evaluate 37 + (-17 - -17) + -27 - 102.
-92
Evaluate -11 + 12 + 23 + -81 + 22.
-35
What is -14 + (140 - 164) + 0 + 10 + 10 + 17?
-1
What is the value of 8 + 1 + (-10 - -1) + 9 + 9?
18
-19 + 31 + (3 + 0 - 5) + 1 + 7
18
Evaluate (-26 - 34) + 7 + -11 + -7.
-71
Evaluate 22 + -35 + 9 + -1 + 6 + -1 + -1.
-1
What is the value of -2 - (-5 + 1 - -35) - (5 - 22 - -21)?
-37
Evaluate (-9 - 0) + 15 + (5 - (-10 + -12 + 16)).
17
11 - (9 + 3) - (13 + -15 + 42)
-41
Evaluate 3 + -13 + -25 + 6 - 20.
-49
Calculate -132 + (18 - (113 - 227)).
0
What is the value of (-19 - -8) + (8 - (44 + (5 - -2 - 0)))?
-54
What is the value of -21 - (7 + 3 + -1 + -10 + 16 + -19)?
-17
What is the value of -8 + (-96 + (-80 - -170) - (115 + 1))?
-130
Evaluate 42 - 37 - (8 - -5 - 2).
-6
What is -11 - -9 - ((6 - -6 - 7) + -4 + -5)?
2
14 + -1 + 1 + (2257 - 2270) - 104
-103
What is -1 + 93 - (6294 - 6252)?
50
What is the value of 0 + 62 + 3 - (-3239 - -3253)?
51
-10 - (-7 - (41 + -23 + 3))
18
Evaluate (1 - 1 - 0) + 3 + (2516 - 2603).
-84
What is the value of 34 + -80 + 9 + 6 - 11?
-42
What is 1 - 7 - ((-5 - 0) + (-20 - -43) + -20)?
-4
Calculate 3766 - 